it of 1331096796?
0
What is the thousands digit of 5793470?
3
What is the thousands digit of 95067191?
7
What is the ten millions digit of 808219486?
0
What is the units digit of 2458764173?
3
What is the hundred thousands digit of 75021052?
0
What is the ten millions digit of 1824373771?
2
What is the ten millions digit of 956717721?
5
What is the hundreds digit of 65974593?
5
What is the tens digit of 43522236?
3
What is the thousands digit of 324256315?
6
What is the units digit of 266157745?
5
What is the hundreds digit of 54035683?
6
What is the tens digit of 4786680739?
3
What is the tens digit of 55027141?
4
What is the thousands digit of 778872024?
2
What is the thousands digit of 122634078?
4
What is the millions digit of 58808524?
8
What is the tens digit of 37444853?
5
What is the millions digit of 70842170?
0
What is the hundred thousands digit of 103823128?
8
What is the millions digit of 84650161?
4
What is the hundreds digit of 1704009743?
7
What is the thousands digit of 71441362?
1
What is the hundreds digit of 692417155?
1
What is the ten millions digit of 1451344597?
5
What is the ten thousands digit of 564011253?
1
What is the units digit of 2553011017?
7
What is the tens digit of 3246857078?
7
What is the tens digit of 235621869?
6
What is the hundred thousands digit of 19169103?
1
What is the ten millions digit of 599081936?
9
What is the ten millions digit of 497537529?
9
What is the hundred thousands digit of 590644?
5
What is the tens digit of 2236067769?
6
What is the ten millions digit of 422685226?
2
What is the ten thousands digit of 49775209?
7
What is the hundreds digit of 223334015?
0
What is the thousands digit of 48080235?
0
What is the ten thousands digit of 65045634?
4
What is the hundreds digit of 9162740718?
7
What is the millions digit of 312013760?
2
What is the thousands digit of 9314026?
4
What is the ten thousands digit of 815638146?
3
What is the ten millions digit of 1905916840?
0
What is the hundred thousands digit of 25132576?
1
What is the units digit of 1911578974?
4
What is the units digit of 771606629?
9
What is the hundreds digit of 1094928916?
9
What is the hundred thousands digit of 2617461351?
4
What is the hundred thousands digit of 101858246?
8
What is the units digit of 306461251?
1
What is the thousands digit of 243361251?
1
What is the millions digit of 6339291767?
9
What is the hundred thousands digit of 3346289?
3
What is the tens digit of 3776405?
0
What is the units digit of 320443803?
3
What is the millions digit of 2689361538?
9
What is the hundred thousands digit of 2403671930?
6
What is the hundreds digit of 29714021?
0
What is the ten thousands digit of 31970177?
7
What is the units digit of 1812306171?
1
What is the ten millions digit of 44822581?
4
What is the ten millions digit of 667693147?
6
What is the hundreds digit of 3814150358?
3
What is the hundred millions digit of 176476400?
1
What is the hundreds digit of 99883034?
0
What is the ten millions digit of 12696993?
1
What is the hundred thousands digit of 3130605802?
6
What is the units digit of 139541484?
4
What is the hundred thousands digit of 124703664?
7
What is the hundreds digit of 3909740860?
8
What is the ten millions digit of 7384321271?
8
What is the hundred thousands digit of 17821726?
8
What is the thousands digit of 35275222?
5
What is the hundreds digit of 306587923?
9
What is the thousands digit of 673956130?
6
What is the units digit of 40844988?
8
What is the thousands digit of 43197590?
7
What is the units digit of 35781669?
9
What is the hundred millions digit of 188318267?
1
What is the millions digit of 696877654?
6
What is the hundreds digit of 553911389?
3
What is the units digit of 51595158?
8
What is the hundred millions digit of 131904531?
1
What is the tens digit of 1925914022?
2
What is the hundred millions digit of 110851707?
1
What is the billions digit of 2983164667?
2
What is the hundred thousands digit of 134417603?
4
What is the thousands digit of 25613865?
3
What is the units digit of 3171086421?
1
What is the thousands digit of 947694397?
4
What is the billions digit of 2707242038?
2
What is the hundred millions digit of 150040711?
1
What is the hundred thousands digit of 1340042984?
0
What is the units digit of 70792564?
4
What is the ten thousands digit of 202496866?
9
What is the tens digit of 30549618?
1
What is the ten thousands digit of 57048116?
4
What is the thousands digit of 147002636?
2
What is the ten millions digit of 19005739?
1
What is the ten thousands digit of 178954172?
5
What is the hundred thousands digit of 4533467983?
4
What is the thousands digit of 1280742837?
2
What is the ten millions digit of 426181507?
2
What is the hundred thousands digit of 51012110?
0
What is the millions digit of 250080798?
0
What is the ten thousands digit of 1347360096?
6
What is the units digit of 40652946?
6
What is the millions digit of 44612982?
4
What is the tens digit of 352464839?
3
What is the ten millions digit of 133279867?
3
What is the ten thousands digit of 1199814978?
1
What is the units digit of 4035196193?
3
What is the units digit of 15706118?
8
What is the billions digit of 1085920925?
1
What is the billions digit of 1972602122?
1
What is the hundred thousands digit of 53502458?
5
What is the millions digit of 368631047?
8
What is the ten millions digit of 149616879?
4
What is the millions digit of 482223964?
2
What is the hundred millions digit of 894569974?
8
What is the ten millions digit of 530090324?
3
What is the hundred millions digit of 1924623980?
9
What is the units digit of 259375095?
5
What is the units digit of 85007069?
9
What is the hundreds digit of 80576810?
8
What is the tens digit of 112640378?
7
What is the thousands digit of 5284346?
4
What is the tens digit of 99998734?
3
What is the tens digit of 8597748?
4
What is the thousands digit of 104358170?
8
What is the ten millions digit of 1333845849?
3
What is the hundreds digit of 87534192?
1
What is the hundred thousands digit of 549590992?
5
What is the tens digit of 315143244?
4
What is the units digit of 161606536?
6
What is the thousands digit of 113258327?
8
What is the units digit of 2927528536?
6
What is the tens digit of 672432786?
8
What is the hundreds digit of 58681463?
4
What is the tens digit of 1038191547?
4
What is the ten millions digit of 79078143?
7
What is the units digit of 103253816?
6
What is the thousands digit of 487925581?
5
What is the thousands digit of 535241109?
1
What is the units digit of 150795358?
8
What is the billions digit of 1415363240?
1
What is the millions digit of 542672350?
2
What is the hundred millions digit of 535953294?
5
What is the millions digit of 194274815?
4
What is the ten millions digit of 112999720?
1
What is the hundred thousands digit of 130091192?
0
What is the units digit of 36919322?
2
What is the ten thousands digit of 1554120545?
2
What is the ten millions digit of 2864409742?
6
What is the millions digit of 494411623?
4
What is the billions digit of 1210267898?
1
What is the hundreds digit of 20351306?
3
What is the ten millions digit of 4154761955?
5
What is the ten millions digit of 892627255?
9
What is the millions digit of 1441863065?
1
What is the hundreds digit of 28072925?
9
What is the hundred millions digit of 375294543?
3
What is the hundred thousands digit of 169019162?
0
What is the millions digit of 6283662399?
3
What is the hundred millions digit of 156558588?
1
What is the hundreds digit of 5562935180?
1
What is the ten millions digit of 62423328?
6
What is the ten thousands digit of 82216628?
1
What is the hundreds digit of 5442065?
0
What is the tens digit of 41050600?
0
What is the ten millions digit of 422410732?
2
What is the hundred millions digit of 500592725?
5
What is the units digit of 1589144987?
7
What is the thousands digit of 192341797?
1
What is the hundred thousands digit of 10858082?
8
What is the ten thousands digit of 1312526246?
2
What is the hundred thousands digit of 7087156971?
1
What is the units digit of 4635115254?
4
What is the tens digit of 477010555?
5
What is the hundreds digit of 87520058?
0
What is the millions digit of 59473412?
9
What is the hundreds digit of 258885816?
8
What i